{"id":30,"date":"2017-10-27T11:28:49","date_gmt":"2017-10-27T11:28:49","guid":{"rendered":"http:\/\/zuhaus.mikado-themes.com\/?page_id=30"},"modified":"2023-02-18T14:41:46","modified_gmt":"2023-02-18T17:41:46","slug":"about-us","status":"publish","type":"page","link":"https:\/\/www.acmpropiedades.cl\/?page_id=30","title":{"rendered":"Somos"},"content":{"rendered":"<p>[vc_row row_content_width=\u00bbgrid\u00bb css=\u00bb.vc_custom_1510654648820{padding-top: 100px !important;padding-bottom: 17px !important;}\u00bb][vc_column offset=\u00bbvc_col-lg-5&#8243;][vc_single_image image=\u00bb2777&#8243; img_size=\u00bbfull\u00bb css_animation=\u00bbfadeInLeft\u00bb][vc_empty_space height=\u00bb35px\u00bb][\/vc_column][vc_column css=\u00bb.vc_custom_1510658954748{margin-top: -18px !important;}\u00bb offset=\u00bbvc_col-lg-7&#8243;]<div class=\"mkdf-elements-holder   mkdf-one-column  mkdf-responsive-mode-768 \" ><div class=\"mkdf-eh-item    mkdf-element-from-right\"  data-item-class=\"mkdf-eh-custom-7607\" data-animation=\"mkdf-element-from-right\" data-1280-1600=\"37px 59px 0px\" data-1024-1280=\"24px 40px 0px\" data-768-1024=\"0px 0% 0px\" data-680-768=\"0px 0% 0px\" data-680=\"0px 0% 0px\">\n\t<div class=\"mkdf-eh-item-inner\">\n\t\t<div class=\"mkdf-eh-item-content mkdf-eh-custom-7607\" style=\"padding: 38px 59px 0px\">\n\t\t\t<div class=\"mkdf-section-title-holder  mkdf-st-standard mkdf-st-title-center mkdf-st-normal-space \" >\n\t<div class=\"mkdf-st-inner\">\n\t\t\t\t\t<h2 class=\"mkdf-st-title\" >\n\t\t\t\tSomos\t\t\t<\/h2>\n\t\t\t\t\t<\/div>\n<\/div>[vc_empty_space height=\u00bb11px\u00bb][vc_column_text]<span style=\"font-weight: 400;\">Hace m\u00e1s de 30 a\u00f1os, Alejandrina Cort\u00e9s se convierte en precursora del corretaje de propiedades en su querida ciudad de La Serena. Destaca r\u00e1pidamente, levantando los est\u00e1ndares y aportando profesionalizaci\u00f3n a un mercado incipiente que reci\u00e9n comenzaba a desarrollarse.\u00a0\u00a0\u00a0<\/span><\/p>\n<p><span style=\"font-weight: 400;\">Sin precedentes, a fines de los a\u00f1os 80 La Serena entra en un vertiginoso crecimiento gracias al boom inmobiliario que gener\u00f3 la creaci\u00f3n de la Avenida del Mar, gran sector tur\u00edstico a la orilla de su hermosa playa. De la mano, Alejandrina Cort\u00e9s Propiedades experimenta tambi\u00e9n un importante crecimiento, asesorando a muchos nuevos clientes que mantiene hasta el d\u00eda de hoy atra\u00eddos por su sello personal, siempre basado en s\u00f3lidos principios y valores.\u00a0<\/span><\/p>\n<p><span style=\"font-weight: 400;\">Hoy esta empresa familiar suma ya una larga trayectoria acompa\u00f1ando a sus clientes para que se sientan plenamente asesorados durante cada etapa del proceso de venta, arriendo y administraci\u00f3n de sus propiedades. Ha concretado m\u00e1s de 300 ventas de viviendas, aportando rentabilidad a propietarios y cumpliendo las expectativas de un nuevo hogar para sus compradores.\u00a0<\/span><\/p>\n<p><span style=\"font-weight: 400;\">Alejandrina Cort\u00e9s Propiedades da un nuevo paso en 2022, expandi\u00e9ndose a la ciudad de Santiago con la apertura de una nueva oficina gracias a su conocimiento del mercado y la confianza que le dan sus clientes. <\/span>[\/vc_column_text][vc_empty_space height=\u00bb11px\u00bb][vc_column_text]<\/p>\n<h3><strong>Conoce nuestras propiedades<\/strong><\/h3>\n<p>[\/vc_column_text][vc_empty_space height=\u00bb11px\u00bb][vc_btn title=\u00bbMas informaci\u00f3n\u00bb style=\u00bbflat\u00bb color=\u00bbblack\u00bb align=\u00bbleft\u00bb link=\u00bburl:https%3A%2F%2Fwww.acmpropiedades.cl%2F%3Fs%3D%26mkdf-property-search%3Dyes%26mkdf-search-type%3D%26mkdf-search-city%3D%26mkdf-search-status%3D|title:Servicios\u00bb]\t\t<\/div>\n\t<\/div>\n<\/div><\/div>[\/vc_column][\/vc_row]<\/p>\n","protected":false},"excerpt":{"rendered":"<p>[vc_row row_content_width=\u00bbgrid\u00bb css=\u00bb.vc_custom_1510654648820{padding-top: 100px !important;padding-bottom: 17px !important;}\u00bb][vc_column offset=\u00bbvc_col-lg-5&#8243;][vc_single_image image=\u00bb2777&#8243; img_size=\u00bbfull\u00bb css_animation=\u00bbfadeInLeft\u00bb][vc_empty_space height=\u00bb35px\u00bb][\/vc_column][vc_column css=\u00bb.vc_custom_1510658954748{margin-top: -18px !important;}\u00bb offset=\u00bbvc_col-lg-7&#8243;][\/vc_column][\/vc_row]<\/p>\n","protected":false},"author":1,"featured_media":0,"parent":0,"menu_order":0,"comment_status":"closed","ping_status":"closed","template":"full-width.php","meta":{"footnotes":""},"class_list":["post-30","page","type-page","status-publish","hentry"],"yoast_head":"<!-- This site is optimized with the Yoast SEO plugin v23.4 - https:\/\/yoast.com\/wordpress\/plugins\/seo\/ -->\n<title>Somos - ACM PROPIEDADES<\/title>\n<meta name=\"robots\" content=\"index, follow, max-snippet:-1, max-image-preview:large, max-video-preview:-1\" \/>\n<link rel=\"canonical\" href=\"https:\/\/www.acmpropiedades.cl\/?page_id=30\" \/>\n<meta property=\"og:locale\" content=\"es_ES\" \/>\n<meta property=\"og:type\" content=\"article\" \/>\n<meta property=\"og:title\" content=\"Somos - ACM PROPIEDADES\" \/>\n<meta property=\"og:description\" content=\"[vc_row row_content_width=\u00bbgrid\u00bb css=\u00bb.vc_custom_1510654648820{padding-top: 100px !important;padding-bottom: 17px !important;}\u00bb][vc_column offset=\u00bbvc_col-lg-5&#8243;][vc_single_image image=\u00bb2777&#8243; img_size=\u00bbfull\u00bb css_animation=\u00bbfadeInLeft\u00bb][vc_empty_space height=\u00bb35px\u00bb][\/vc_column][vc_column css=\u00bb.vc_custom_1510658954748{margin-top: -18px !important;}\u00bb offset=\u00bbvc_col-lg-7&#8243;][\/vc_column][\/vc_row]\" \/>\n<meta property=\"og:url\" content=\"https:\/\/www.acmpropiedades.cl\/?page_id=30\" \/>\n<meta property=\"og:site_name\" content=\"ACM PROPIEDADES\" \/>\n<meta property=\"article:modified_time\" content=\"2023-02-18T17:41:46+00:00\" \/>\n<meta name=\"twitter:card\" content=\"summary_large_image\" \/>\n<meta name=\"twitter:label1\" content=\"Tiempo de lectura\" \/>\n\t<meta name=\"twitter:data1\" content=\"2 minutos\" \/>\n<script type=\"application\/ld+json\" class=\"yoast-schema-graph\">{\"@context\":\"https:\/\/schema.org\",\"@graph\":[{\"@type\":\"WebPage\",\"@id\":\"https:\/\/www.acmpropiedades.cl\/?page_id=30\",\"url\":\"https:\/\/www.acmpropiedades.cl\/?page_id=30\",\"name\":\"Somos - ACM PROPIEDADES\",\"isPartOf\":{\"@id\":\"https:\/\/www.acmpropiedades.cl\/#website\"},\"datePublished\":\"2017-10-27T11:28:49+00:00\",\"dateModified\":\"2023-02-18T17:41:46+00:00\",\"breadcrumb\":{\"@id\":\"https:\/\/www.acmpropiedades.cl\/?page_id=30#breadcrumb\"},\"inLanguage\":\"es\",\"potentialAction\":[{\"@type\":\"ReadAction\",\"target\":[\"https:\/\/www.acmpropiedades.cl\/?page_id=30\"]}]},{\"@type\":\"BreadcrumbList\",\"@id\":\"https:\/\/www.acmpropiedades.cl\/?page_id=30#breadcrumb\",\"itemListElement\":[{\"@type\":\"ListItem\",\"position\":1,\"name\":\"Portada\",\"item\":\"https:\/\/www.acmpropiedades.cl\/\"},{\"@type\":\"ListItem\",\"position\":2,\"name\":\"Somos\"}]},{\"@type\":\"WebSite\",\"@id\":\"https:\/\/www.acmpropiedades.cl\/#website\",\"url\":\"https:\/\/www.acmpropiedades.cl\/\",\"name\":\"ACM PROPIEDADES\",\"description\":\"Corretaje de propiedades\",\"potentialAction\":[{\"@type\":\"SearchAction\",\"target\":{\"@type\":\"EntryPoint\",\"urlTemplate\":\"https:\/\/www.acmpropiedades.cl\/?s={search_term_string}\"},\"query-input\":{\"@type\":\"PropertyValueSpecification\",\"valueRequired\":true,\"valueName\":\"search_term_string\"}}],\"inLanguage\":\"es\"}]}<\/script>\n<!-- \/ Yoast SEO plugin. -->","yoast_head_json":{"title":"Somos - ACM PROPIEDADES","robots":{"index":"index","follow":"follow","max-snippet":"max-snippet:-1","max-image-preview":"max-image-preview:large","max-video-preview":"max-video-preview:-1"},"canonical":"https:\/\/www.acmpropiedades.cl\/?page_id=30","og_locale":"es_ES","og_type":"article","og_title":"Somos - ACM PROPIEDADES","og_description":"[vc_row row_content_width=\u00bbgrid\u00bb css=\u00bb.vc_custom_1510654648820{padding-top: 100px !important;padding-bottom: 17px !important;}\u00bb][vc_column offset=\u00bbvc_col-lg-5&#8243;][vc_single_image image=\u00bb2777&#8243; img_size=\u00bbfull\u00bb css_animation=\u00bbfadeInLeft\u00bb][vc_empty_space height=\u00bb35px\u00bb][\/vc_column][vc_column css=\u00bb.vc_custom_1510658954748{margin-top: -18px !important;}\u00bb offset=\u00bbvc_col-lg-7&#8243;][\/vc_column][\/vc_row]","og_url":"https:\/\/www.acmpropiedades.cl\/?page_id=30","og_site_name":"ACM PROPIEDADES","article_modified_time":"2023-02-18T17:41:46+00:00","twitter_card":"summary_large_image","twitter_misc":{"Tiempo de lectura":"2 minutos"},"schema":{"@context":"https:\/\/schema.org","@graph":[{"@type":"WebPage","@id":"https:\/\/www.acmpropiedades.cl\/?page_id=30","url":"https:\/\/www.acmpropiedades.cl\/?page_id=30","name":"Somos - ACM PROPIEDADES","isPartOf":{"@id":"https:\/\/www.acmpropiedades.cl\/#website"},"datePublished":"2017-10-27T11:28:49+00:00","dateModified":"2023-02-18T17:41:46+00:00","breadcrumb":{"@id":"https:\/\/www.acmpropiedades.cl\/?page_id=30#breadcrumb"},"inLanguage":"es","potentialAction":[{"@type":"ReadAction","target":["https:\/\/www.acmpropiedades.cl\/?page_id=30"]}]},{"@type":"BreadcrumbList","@id":"https:\/\/www.acmpropiedades.cl\/?page_id=30#breadcrumb","itemListElement":[{"@type":"ListItem","position":1,"name":"Portada","item":"https:\/\/www.acmpropiedades.cl\/"},{"@type":"ListItem","position":2,"name":"Somos"}]},{"@type":"WebSite","@id":"https:\/\/www.acmpropiedades.cl\/#website","url":"https:\/\/www.acmpropiedades.cl\/","name":"ACM PROPIEDADES","description":"Corretaje de propiedades","potentialAction":[{"@type":"SearchAction","target":{"@type":"EntryPoint","urlTemplate":"https:\/\/www.acmpropiedades.cl\/?s={search_term_string}"},"query-input":{"@type":"PropertyValueSpecification","valueRequired":true,"valueName":"search_term_string"}}],"inLanguage":"es"}]}},"_links":{"self":[{"href":"https:\/\/www.acmpropiedades.cl\/index.php?rest_route=\/wp\/v2\/pages\/30","targetHints":{"allow":["GET"]}}],"collection":[{"href":"https:\/\/www.acmpropiedades.cl\/index.php?rest_route=\/wp\/v2\/pages"}],"about":[{"href":"https:\/\/www.acmpropiedades.cl\/index.php?rest_route=\/wp\/v2\/types\/page"}],"author":[{"embeddable":true,"href":"https:\/\/www.acmpropiedades.cl\/index.php?rest_route=\/wp\/v2\/users\/1"}],"replies":[{"embeddable":true,"href":"https:\/\/www.acmpropiedades.cl\/index.php?rest_route=%2Fwp%2Fv2%2Fcomments&post=30"}],"version-history":[{"count":14,"href":"https:\/\/www.acmpropiedades.cl\/index.php?rest_route=\/wp\/v2\/pages\/30\/revisions"}],"predecessor-version":[{"id":3440,"href":"https:\/\/www.acmpropiedades.cl\/index.php?rest_route=\/wp\/v2\/pages\/30\/revisions\/3440"}],"wp:attachment":[{"href":"https:\/\/www.acmpropiedades.cl\/index.php?rest_route=%2Fwp%2Fv2%2Fmedia&parent=30"}],"curies":[{"name":"wp","href":"https:\/\/api.w.org\/{rel}","templated":true}]}}