{"id":2955,"date":"2023-01-07T11:45:44","date_gmt":"2023-01-07T14:45:44","guid":{"rendered":"https:\/\/www.acmpropiedades.cl\/?page_id=2955"},"modified":"2023-03-02T09:19:31","modified_gmt":"2023-03-02T12:19:31","slug":"arriendar-mi-propiedad","status":"publish","type":"page","link":"https:\/\/www.acmpropiedades.cl\/?page_id=2955","title":{"rendered":"Arrendar mi propiedad: Paso a paso"},"content":{"rendered":"<p>[vc_row row_content_width=\u00bbgrid\u00bb css=\u00bb.vc_custom_1510656532077{padding-top: 104px !important;}\u00bb][vc_column offset=\u00bbvc_col-lg-offset-1 vc_col-lg-10&#8243;][vc_row_inner][vc_column_inner width=\u00bb1\/4&#8243; offset=\u00bbvc_col-lg-5 vc_col-md-5&#8243;][vc_single_image image=\u00bb2929&#8243; img_size=\u00bbmedium\u00bb alignment=\u00bbcenter\u00bb][\/vc_column_inner][vc_column_inner width=\u00bb3\/4&#8243; offset=\u00bbvc_col-lg-7 vc_col-md-7&#8243;]<div class=\"mkdf-elements-holder   mkdf-one-column  mkdf-responsive-mode-768 \" ><div class=\"mkdf-eh-item    \"  data-item-class=\"mkdf-eh-custom-7935\" data-1024-1280=\"50px 0 0\" data-768-1024=\"15px 0 0\" data-680-768=\"0 0 0\">\n\t<div class=\"mkdf-eh-item-inner\">\n\t\t<div class=\"mkdf-eh-item-content mkdf-eh-custom-7935\" style=\"padding: 55px 0 0\">\n\t\t\t[vc_single_image image=\u00bb2928&#8243; img_size=\u00bbfull\u00bb css=\u00bb.vc_custom_1672842327764{margin-bottom: -120px !important;padding-left: 5% !important;}\u00bb]\t\t<\/div>\n\t<\/div>\n<\/div><\/div><div class=\"mkdf-elements-holder   mkdf-one-column  mkdf-responsive-mode-768 \" ><div class=\"mkdf-eh-item    \"  data-item-class=\"mkdf-eh-custom-3093\" data-1024-1280=\"32px 0 0\" data-768-1024=\"28px 0 0\" data-680-768=\"5px 0 0\">\n\t<div class=\"mkdf-eh-item-inner\">\n\t\t<div class=\"mkdf-eh-item-content mkdf-eh-custom-3093\" style=\"padding: 28px 0 0\">\n\t\t\t[vc_column_text]Cu\u00e9ntanos lo que necesitas, preparamos una cotizaci\u00f3n de nuestros servicios a tu medida y firmamos un contrato.[\/vc_column_text]\t\t<\/div>\n\t<\/div>\n<\/div><\/div>[\/vc_column_inner][vc_column_inner][\/vc_column_inner][\/vc_row_inner][\/vc_column][vc_column][\/vc_column][\/vc_row][vc_row row_content_width=\u00bbgrid\u00bb css=\u00bb.vc_custom_1510577968092{padding-bottom: 40px !important;}\u00bb][vc_column offset=\u00bbvc_col-lg-offset-1 vc_col-lg-10&#8243;][vc_row_inner][vc_column_inner width=\u00bb2\/3&#8243; offset=\u00bbvc_col-lg-7 vc_col-md-7&#8243;]<div class=\"mkdf-elements-holder   mkdf-one-column  mkdf-responsive-mode-768 \" ><div class=\"mkdf-eh-item    \"  data-item-class=\"mkdf-eh-custom-3951\" data-1024-1280=\"170px 0 0\" data-768-1024=\"120px 0 0\" data-680-768=\"76px 0 0\" data-680=\"100px 0 0\">\n\t<div class=\"mkdf-eh-item-inner\">\n\t\t<div class=\"mkdf-eh-item-content mkdf-eh-custom-3951\" style=\"padding: 170px 0 0\">\n\t\t\t[vc_single_image image=\u00bb2926&#8243; img_size=\u00bbfull\u00bb css=\u00bb.vc_custom_1672842440429{margin-bottom: -120px !important;padding-left: 5% !important;}\u00bb]\t\t<\/div>\n\t<\/div>\n<\/div><\/div><div class=\"mkdf-elements-holder   mkdf-one-column  mkdf-responsive-mode-768 \" ><div class=\"mkdf-eh-item    \"  data-item-class=\"mkdf-eh-custom-3338\" data-1024-1280=\"20px 0 0\" data-680=\"20px 0 40px\">\n\t<div class=\"mkdf-eh-item-inner\">\n\t\t<div class=\"mkdf-eh-item-content mkdf-eh-custom-3338\" style=\"padding: 20px 0 0\">\n\t\t\t[vc_column_text]Se hace una revisi\u00f3n de la propiedad, tanto en los aspectos legales, como el estado del inmueble y limpieza. Si es necesario se realizan trabajos de renovaci\u00f3n.[\/vc_column_text]\t\t<\/div>\n\t<\/div>\n<\/div><\/div>[\/vc_column_inner][vc_column_inner width=\u00bb1\/3&#8243; offset=\u00bbvc_col-lg-5 vc_col-md-5&#8243;][vc_single_image image=\u00bb2927&#8243; img_size=\u00bbmedium\u00bb alignment=\u00bbcenter\u00bb][\/vc_column_inner][\/vc_row_inner][\/vc_column][\/vc_row][vc_row row_content_width=\u00bbgrid\u00bb][vc_column offset=\u00bbvc_col-lg-offset-1 vc_col-lg-10&#8243;][vc_row_inner][vc_column_inner width=\u00bb5\/6&#8243; offset=\u00bbvc_col-lg-offset-1 vc_col-lg-6 vc_col-md-6&#8243;][vc_single_image image=\u00bb2924&#8243; img_size=\u00bbmedium\u00bb][\/vc_column_inner][vc_column_inner width=\u00bb1\/6&#8243; offset=\u00bbvc_col-lg-5 vc_col-md-6&#8243;]<div class=\"mkdf-elements-holder   mkdf-one-column  mkdf-responsive-mode-768 \" ><div class=\"mkdf-eh-item    \"  data-item-class=\"mkdf-eh-custom-3890\" data-1024-1280=\"43% 0 0\" data-768-1024=\"29% 0 0\" data-680-768=\"11% 0 0\" data-680=\"22% 0 0\">\n\t<div class=\"mkdf-eh-item-inner\">\n\t\t<div class=\"mkdf-eh-item-content mkdf-eh-custom-3890\" style=\"padding: 46% 0 0\">\n\t\t\t[vc_single_image image=\u00bb2925&#8243; img_size=\u00bbfull\u00bb css=\u00bb.vc_custom_1672842640954{margin-bottom: -130px !important;padding-left: 5% !important;}\u00bb]\t\t<\/div>\n\t<\/div>\n<\/div><\/div><div class=\"mkdf-elements-holder   mkdf-one-column  mkdf-responsive-mode-768 \" ><div class=\"mkdf-eh-item    \"  data-item-class=\"mkdf-eh-custom-1476\" data-680-768=\"38px 0 55px\">\n\t<div class=\"mkdf-eh-item-inner\">\n\t\t<div class=\"mkdf-eh-item-content mkdf-eh-custom-1476\" style=\"padding: 38px 0 0\">\n\t\t\t[vc_column_text]<span style=\"font-weight: 400;\">Acordamos un precio para el arriendo de la propiedad. <\/span>[\/vc_column_text]\t\t<\/div>\n\t<\/div>\n<\/div><\/div>[\/vc_column_inner][\/vc_row_inner][\/vc_column][\/vc_row][vc_row row_content_width=\u00bbgrid\u00bb][vc_column offset=\u00bbvc_col-lg-offset-1 vc_col-lg-10&#8243;][vc_row_inner][vc_column_inner width=\u00bb1\/2&#8243; offset=\u00bbvc_col-lg-6 vc_col-md-6&#8243;]<div class=\"mkdf-elements-holder   mkdf-one-column  mkdf-responsive-mode-768 \" ><div class=\"mkdf-eh-item    \"  data-item-class=\"mkdf-eh-custom-4325\" data-1024-1280=\"147px 0 0\" data-768-1024=\"88px 0 0\" data-680-768=\"50px 0 0\" data-680=\"100px 0 0\">\n\t<div class=\"mkdf-eh-item-inner\">\n\t\t<div class=\"mkdf-eh-item-content mkdf-eh-custom-4325\" style=\"padding: 170px 0 0\">\n\t\t\t[vc_single_image image=\u00bb2923&#8243; img_size=\u00bbfull\u00bb css=\u00bb.vc_custom_1672842783299{margin-bottom: -120px !important;padding-left: 5% !important;}\u00bb]\t\t<\/div>\n\t<\/div>\n<\/div><\/div><div class=\"mkdf-elements-holder   mkdf-one-column  mkdf-responsive-mode-768 \" ><div class=\"mkdf-eh-item    \"  data-item-class=\"mkdf-eh-custom-6436\" data-1024-1280=\"20px 0 0\" data-680=\"25px 0 50px\">\n\t<div class=\"mkdf-eh-item-inner\">\n\t\t<div class=\"mkdf-eh-item-content mkdf-eh-custom-6436\" style=\"padding: 25px 0 0\">\n\t\t\t[vc_column_text]Publicamos la propiedad en los principales portales inmobiliarios, en nuestra p\u00e1gina web y redes sociales. Implementamos planes de marketing digital a trav\u00e9s de Google Adwords, Meta Business (que comprende Instagram y Facebook) y Linkedin.<\/p>\n<p>Levantamos tambi\u00e9n nuestra red de contactos y utilizamos letreros para dar visibilidad desde la v\u00eda p\u00fablica.[\/vc_column_text]\t\t<\/div>\n\t<\/div>\n<\/div><\/div>[\/vc_column_inner][vc_column_inner width=\u00bb1\/2&#8243; offset=\u00bbvc_col-lg-6 vc_col-md-6&#8243;]<div class=\"mkdf-elements-holder   mkdf-one-column  mkdf-responsive-mode-768 \" ><div class=\"mkdf-eh-item    \"  data-item-class=\"mkdf-eh-custom-1912\"    data-680-768=\"30px 0 0\">\n\t<div class=\"mkdf-eh-item-inner\">\n\t\t<div class=\"mkdf-eh-item-content mkdf-eh-custom-1912\" style=\"padding: 0\">\n\t\t\t[vc_single_image image=\u00bb2922&#8243; img_size=\u00bbmedium\u00bb]\t\t<\/div>\n\t<\/div>\n<\/div><\/div>[\/vc_column_inner][\/vc_row_inner][\/vc_column][\/vc_row][vc_row row_content_width=\u00bbgrid\u00bb css=\u00bb.vc_custom_1510656548645{padding-bottom: 99px !important;}\u00bb][vc_column offset=\u00bbvc_col-lg-offset-1 vc_col-lg-10&#8243;][vc_row_inner][vc_column_inner width=\u00bb1\/2&#8243; offset=\u00bbvc_col-lg-5 vc_col-md-5&#8243;]<div class=\"mkdf-elements-holder   mkdf-one-column  mkdf-responsive-mode-768 \" ><div class=\"mkdf-eh-item    \"  data-item-class=\"mkdf-eh-custom-1833\"    data-680-768=\"30px 0 0\" data-680=\"50px 0 0\">\n\t<div class=\"mkdf-eh-item-inner\">\n\t\t<div class=\"mkdf-eh-item-content mkdf-eh-custom-1833\" style=\"padding: 0\">\n\t\t\t[vc_single_image image=\u00bb2921&#8243; img_size=\u00bbmedium\u00bb]\t\t<\/div>\n\t<\/div>\n<\/div><\/div>[\/vc_column_inner][vc_column_inner width=\u00bb1\/2&#8243; offset=\u00bbvc_col-lg-7 vc_col-md-7&#8243;]<div class=\"mkdf-elements-holder   mkdf-one-column  mkdf-responsive-mode-768 \" ><div class=\"mkdf-eh-item    \"  data-item-class=\"mkdf-eh-custom-5776\" data-1024-1280=\"34% 0 0\" data-768-1024=\"25% 0 0\" data-680=\"13% 0 0\">\n\t<div class=\"mkdf-eh-item-inner\">\n\t\t<div class=\"mkdf-eh-item-content mkdf-eh-custom-5776\" style=\"padding: 31% 0 0\">\n\t\t\t[vc_single_image image=\u00bb2920&#8243; img_size=\u00bbfull\u00bb css=\u00bb.vc_custom_1672842826697{margin-bottom: -120px !important;padding-left: 5% !important;}\u00bb]\t\t<\/div>\n\t<\/div>\n<\/div><\/div><div class=\"mkdf-elements-holder   mkdf-one-column  mkdf-responsive-mode-768 \" ><div class=\"mkdf-eh-item    \"  data-item-class=\"mkdf-eh-custom-3033\" data-1024-1280=\"20px 0 0\" data-680-768=\"33px 0 0\">\n\t<div class=\"mkdf-eh-item-inner\">\n\t\t<div class=\"mkdf-eh-item-content mkdf-eh-custom-3033\" style=\"padding: 28px 0 0\">\n\t\t\t[vc_column_text]<span style=\"font-weight: 400;\">Gestionamos las visitas y hacemos el an\u00e1lisis del perfil de los posibles arrendatarios. Te presentamos los mejores candidatos y luego de tu selecci\u00f3n, se redacta y firma el contrato de arriendo. Se entrega la propiedad y se firma el inventario.<\/span><\/p>\n<p><span style=\"font-weight: 400;\">Podemos realizar la administraci\u00f3n mensual del arriendo, en caso que contrates el servicio. Esto significa que nos hacemos cargo del arrendatario y estado del inmueble, velando por el cumplimiento del contrato y pago del arriendo.<\/span>[\/vc_column_text]\t\t<\/div>\n\t<\/div>\n<\/div><\/div>[\/vc_column_inner][\/vc_row_inner][\/vc_column][\/vc_row][vc_row][vc_column][vc_btn title=\u00bbCont\u00e1ctanos\u00bb style=\u00bbflat\u00bb color=\u00bbblack\u00bb size=\u00bblg\u00bb align=\u00bbcenter\u00bb link=\u00bburl:https%3A%2F%2Fwww.acmpropiedades.cl%2F%3Fpage_id%3D117&#8243;][\/vc_column][\/vc_row]<\/p>\n","protected":false},"excerpt":{"rendered":"<p>[vc_row row_content_width=\u00bbgrid\u00bb css=\u00bb.vc_custom_1510656532077{padding-top: 104px !important;}\u00bb][vc_column offset=\u00bbvc_col-lg-offset-1 vc_col-lg-10&#8243;][vc_row_inner][vc_column_inner width=\u00bb1\/4&#8243; offset=\u00bbvc_col-lg-5 vc_col-md-5&#8243;][vc_single_image image=\u00bb2929&#8243; img_size=\u00bbmedium\u00bb alignment=\u00bbcenter\u00bb][\/vc_column_inner][vc_column_inner width=\u00bb3\/4&#8243; offset=\u00bbvc_col-lg-7 vc_col-md-7&#8243;][\/vc_column_inner][vc_column_inner][\/vc_column_inner][\/vc_row_inner][\/vc_column][vc_column][\/vc_column][\/vc_row][vc_row row_content_width=\u00bbgrid\u00bb css=\u00bb.vc_custom_1510577968092{padding-bottom: 40px !important;}\u00bb][vc_column offset=\u00bbvc_col-lg-offset-1 vc_col-lg-10&#8243;][vc_row_inner][vc_column_inner width=\u00bb2\/3&#8243; offset=\u00bbvc_col-lg-7 vc_col-md-7&#8243;][\/vc_column_inner][vc_column_inner width=\u00bb1\/3&#8243; offset=\u00bbvc_col-lg-5 vc_col-md-5&#8243;][vc_single_image image=\u00bb2927&#8243; img_size=\u00bbmedium\u00bb alignment=\u00bbcenter\u00bb][\/vc_column_inner][\/vc_row_inner][\/vc_column][\/vc_row][vc_row row_content_width=\u00bbgrid\u00bb][vc_column offset=\u00bbvc_col-lg-offset-1 vc_col-lg-10&#8243;][vc_row_inner][vc_column_inner width=\u00bb5\/6&#8243; offset=\u00bbvc_col-lg-offset-1 vc_col-lg-6 vc_col-md-6&#8243;][vc_single_image image=\u00bb2924&#8243; img_size=\u00bbmedium\u00bb][\/vc_column_inner][vc_column_inner width=\u00bb1\/6&#8243; offset=\u00bbvc_col-lg-5 vc_col-md-6&#8243;][\/vc_column_inner][\/vc_row_inner][\/vc_column][\/vc_row][vc_row row_content_width=\u00bbgrid\u00bb][vc_column offset=\u00bbvc_col-lg-offset-1 [&hellip;]<\/p>\n","protected":false},"author":1,"featured_media":0,"parent":0,"menu_order":0,"comment_status":"closed","ping_status":"closed","template":"","meta":{"footnotes":""},"class_list":["post-2955","page","type-page","status-publish","hentry"],"yoast_head":"<!-- This site is optimized with the Yoast SEO plugin v23.4 - https:\/\/yoast.com\/wordpress\/plugins\/seo\/ -->\n<title>Arrendar mi propiedad: Paso a paso - ACM PROPIEDADES<\/title>\n<meta name=\"robots\" content=\"index, follow, max-snippet:-1, max-image-preview:large, max-video-preview:-1\" \/>\n<link rel=\"canonical\" href=\"https:\/\/www.acmpropiedades.cl\/?page_id=2955\" \/>\n<meta property=\"og:locale\" content=\"es_ES\" \/>\n<meta property=\"og:type\" content=\"article\" \/>\n<meta property=\"og:title\" content=\"Arrendar mi propiedad: Paso a paso - ACM PROPIEDADES\" \/>\n<meta property=\"og:description\" content=\"[vc_row row_content_width=\u00bbgrid\u00bb css=\u00bb.vc_custom_1510656532077{padding-top: 104px !important;}\u00bb][vc_column offset=\u00bbvc_col-lg-offset-1 vc_col-lg-10&#8243;][vc_row_inner][vc_column_inner width=\u00bb1\/4&#8243; offset=\u00bbvc_col-lg-5 vc_col-md-5&#8243;][vc_single_image image=\u00bb2929&#8243; img_size=\u00bbmedium\u00bb alignment=\u00bbcenter\u00bb][\/vc_column_inner][vc_column_inner width=\u00bb3\/4&#8243; offset=\u00bbvc_col-lg-7 vc_col-md-7&#8243;][\/vc_column_inner][vc_column_inner][\/vc_column_inner][\/vc_row_inner][\/vc_column][vc_column][\/vc_column][\/vc_row][vc_row row_content_width=\u00bbgrid\u00bb css=\u00bb.vc_custom_1510577968092{padding-bottom: 40px !important;}\u00bb][vc_column offset=\u00bbvc_col-lg-offset-1 vc_col-lg-10&#8243;][vc_row_inner][vc_column_inner width=\u00bb2\/3&#8243; offset=\u00bbvc_col-lg-7 vc_col-md-7&#8243;][\/vc_column_inner][vc_column_inner width=\u00bb1\/3&#8243; offset=\u00bbvc_col-lg-5 vc_col-md-5&#8243;][vc_single_image image=\u00bb2927&#8243; img_size=\u00bbmedium\u00bb alignment=\u00bbcenter\u00bb][\/vc_column_inner][\/vc_row_inner][\/vc_column][\/vc_row][vc_row row_content_width=\u00bbgrid\u00bb][vc_column offset=\u00bbvc_col-lg-offset-1 vc_col-lg-10&#8243;][vc_row_inner][vc_column_inner width=\u00bb5\/6&#8243; offset=\u00bbvc_col-lg-offset-1 vc_col-lg-6 vc_col-md-6&#8243;][vc_single_image image=\u00bb2924&#8243; img_size=\u00bbmedium\u00bb][\/vc_column_inner][vc_column_inner width=\u00bb1\/6&#8243; offset=\u00bbvc_col-lg-5 vc_col-md-6&#8243;][\/vc_column_inner][\/vc_row_inner][\/vc_column][\/vc_row][vc_row row_content_width=\u00bbgrid\u00bb][vc_column offset=\u00bbvc_col-lg-offset-1 [&hellip;]\" \/>\n<meta property=\"og:url\" content=\"https:\/\/www.acmpropiedades.cl\/?page_id=2955\" \/>\n<meta property=\"og:site_name\" content=\"ACM PROPIEDADES\" \/>\n<meta property=\"article:modified_time\" content=\"2023-03-02T12:19:31+00:00\" \/>\n<meta name=\"twitter:card\" content=\"summary_large_image\" \/>\n<meta name=\"twitter:label1\" content=\"Tiempo de lectura\" \/>\n\t<meta name=\"twitter:data1\" content=\"3 minutos\" \/>\n<script type=\"application\/ld+json\" class=\"yoast-schema-graph\">{\"@context\":\"https:\/\/schema.org\",\"@graph\":[{\"@type\":\"WebPage\",\"@id\":\"https:\/\/www.acmpropiedades.cl\/?page_id=2955\",\"url\":\"https:\/\/www.acmpropiedades.cl\/?page_id=2955\",\"name\":\"Arrendar mi propiedad: Paso a paso - ACM PROPIEDADES\",\"isPartOf\":{\"@id\":\"https:\/\/www.acmpropiedades.cl\/#website\"},\"datePublished\":\"2023-01-07T14:45:44+00:00\",\"dateModified\":\"2023-03-02T12:19:31+00:00\",\"breadcrumb\":{\"@id\":\"https:\/\/www.acmpropiedades.cl\/?page_id=2955#breadcrumb\"},\"inLanguage\":\"es\",\"potentialAction\":[{\"@type\":\"ReadAction\",\"target\":[\"https:\/\/www.acmpropiedades.cl\/?page_id=2955\"]}]},{\"@type\":\"BreadcrumbList\",\"@id\":\"https:\/\/www.acmpropiedades.cl\/?page_id=2955#breadcrumb\",\"itemListElement\":[{\"@type\":\"ListItem\",\"position\":1,\"name\":\"Portada\",\"item\":\"https:\/\/www.acmpropiedades.cl\/\"},{\"@type\":\"ListItem\",\"position\":2,\"name\":\"Arrendar mi propiedad: Paso a paso\"}]},{\"@type\":\"WebSite\",\"@id\":\"https:\/\/www.acmpropiedades.cl\/#website\",\"url\":\"https:\/\/www.acmpropiedades.cl\/\",\"name\":\"ACM PROPIEDADES\",\"description\":\"Corretaje de propiedades\",\"potentialAction\":[{\"@type\":\"SearchAction\",\"target\":{\"@type\":\"EntryPoint\",\"urlTemplate\":\"https:\/\/www.acmpropiedades.cl\/?s={search_term_string}\"},\"query-input\":{\"@type\":\"PropertyValueSpecification\",\"valueRequired\":true,\"valueName\":\"search_term_string\"}}],\"inLanguage\":\"es\"}]}<\/script>\n<!-- \/ Yoast SEO plugin. -->","yoast_head_json":{"title":"Arrendar mi propiedad: Paso a paso - ACM PROPIEDADES","robots":{"index":"index","follow":"follow","max-snippet":"max-snippet:-1","max-image-preview":"max-image-preview:large","max-video-preview":"max-video-preview:-1"},"canonical":"https:\/\/www.acmpropiedades.cl\/?page_id=2955","og_locale":"es_ES","og_type":"article","og_title":"Arrendar mi propiedad: Paso a paso - ACM PROPIEDADES","og_description":"[vc_row row_content_width=\u00bbgrid\u00bb css=\u00bb.vc_custom_1510656532077{padding-top: 104px !important;}\u00bb][vc_column offset=\u00bbvc_col-lg-offset-1 vc_col-lg-10&#8243;][vc_row_inner][vc_column_inner width=\u00bb1\/4&#8243; offset=\u00bbvc_col-lg-5 vc_col-md-5&#8243;][vc_single_image image=\u00bb2929&#8243; img_size=\u00bbmedium\u00bb alignment=\u00bbcenter\u00bb][\/vc_column_inner][vc_column_inner width=\u00bb3\/4&#8243; offset=\u00bbvc_col-lg-7 vc_col-md-7&#8243;][\/vc_column_inner][vc_column_inner][\/vc_column_inner][\/vc_row_inner][\/vc_column][vc_column][\/vc_column][\/vc_row][vc_row row_content_width=\u00bbgrid\u00bb css=\u00bb.vc_custom_1510577968092{padding-bottom: 40px !important;}\u00bb][vc_column offset=\u00bbvc_col-lg-offset-1 vc_col-lg-10&#8243;][vc_row_inner][vc_column_inner width=\u00bb2\/3&#8243; offset=\u00bbvc_col-lg-7 vc_col-md-7&#8243;][\/vc_column_inner][vc_column_inner width=\u00bb1\/3&#8243; offset=\u00bbvc_col-lg-5 vc_col-md-5&#8243;][vc_single_image image=\u00bb2927&#8243; img_size=\u00bbmedium\u00bb alignment=\u00bbcenter\u00bb][\/vc_column_inner][\/vc_row_inner][\/vc_column][\/vc_row][vc_row row_content_width=\u00bbgrid\u00bb][vc_column offset=\u00bbvc_col-lg-offset-1 vc_col-lg-10&#8243;][vc_row_inner][vc_column_inner width=\u00bb5\/6&#8243; offset=\u00bbvc_col-lg-offset-1 vc_col-lg-6 vc_col-md-6&#8243;][vc_single_image image=\u00bb2924&#8243; img_size=\u00bbmedium\u00bb][\/vc_column_inner][vc_column_inner width=\u00bb1\/6&#8243; offset=\u00bbvc_col-lg-5 vc_col-md-6&#8243;][\/vc_column_inner][\/vc_row_inner][\/vc_column][\/vc_row][vc_row row_content_width=\u00bbgrid\u00bb][vc_column offset=\u00bbvc_col-lg-offset-1 [&hellip;]","og_url":"https:\/\/www.acmpropiedades.cl\/?page_id=2955","og_site_name":"ACM PROPIEDADES","article_modified_time":"2023-03-02T12:19:31+00:00","twitter_card":"summary_large_image","twitter_misc":{"Tiempo de lectura":"3 minutos"},"schema":{"@context":"https:\/\/schema.org","@graph":[{"@type":"WebPage","@id":"https:\/\/www.acmpropiedades.cl\/?page_id=2955","url":"https:\/\/www.acmpropiedades.cl\/?page_id=2955","name":"Arrendar mi propiedad: Paso a paso - ACM PROPIEDADES","isPartOf":{"@id":"https:\/\/www.acmpropiedades.cl\/#website"},"datePublished":"2023-01-07T14:45:44+00:00","dateModified":"2023-03-02T12:19:31+00:00","breadcrumb":{"@id":"https:\/\/www.acmpropiedades.cl\/?page_id=2955#breadcrumb"},"inLanguage":"es","potentialAction":[{"@type":"ReadAction","target":["https:\/\/www.acmpropiedades.cl\/?page_id=2955"]}]},{"@type":"BreadcrumbList","@id":"https:\/\/www.acmpropiedades.cl\/?page_id=2955#breadcrumb","itemListElement":[{"@type":"ListItem","position":1,"name":"Portada","item":"https:\/\/www.acmpropiedades.cl\/"},{"@type":"ListItem","position":2,"name":"Arrendar mi propiedad: Paso a paso"}]},{"@type":"WebSite","@id":"https:\/\/www.acmpropiedades.cl\/#website","url":"https:\/\/www.acmpropiedades.cl\/","name":"ACM PROPIEDADES","description":"Corretaje de propiedades","potentialAction":[{"@type":"SearchAction","target":{"@type":"EntryPoint","urlTemplate":"https:\/\/www.acmpropiedades.cl\/?s={search_term_string}"},"query-input":{"@type":"PropertyValueSpecification","valueRequired":true,"valueName":"search_term_string"}}],"inLanguage":"es"}]}},"_links":{"self":[{"href":"https:\/\/www.acmpropiedades.cl\/index.php?rest_route=\/wp\/v2\/pages\/2955","targetHints":{"allow":["GET"]}}],"collection":[{"href":"https:\/\/www.acmpropiedades.cl\/index.php?rest_route=\/wp\/v2\/pages"}],"about":[{"href":"https:\/\/www.acmpropiedades.cl\/index.php?rest_route=\/wp\/v2\/types\/page"}],"author":[{"embeddable":true,"href":"https:\/\/www.acmpropiedades.cl\/index.php?rest_route=\/wp\/v2\/users\/1"}],"replies":[{"embeddable":true,"href":"https:\/\/www.acmpropiedades.cl\/index.php?rest_route=%2Fwp%2Fv2%2Fcomments&post=2955"}],"version-history":[{"count":11,"href":"https:\/\/www.acmpropiedades.cl\/index.php?rest_route=\/wp\/v2\/pages\/2955\/revisions"}],"predecessor-version":[{"id":3587,"href":"https:\/\/www.acmpropiedades.cl\/index.php?rest_route=\/wp\/v2\/pages\/2955\/revisions\/3587"}],"wp:attachment":[{"href":"https:\/\/www.acmpropiedades.cl\/index.php?rest_route=%2Fwp%2Fv2%2Fmedia&parent=2955"}],"curies":[{"name":"wp","href":"https:\/\/api.w.org\/{rel}","templated":true}]}}